3. What is j(-4)?
57
Let q(z) = -z**2 - 31*z + 151. Give q(-36).
-29
Let i(y) = -3*y + 473. Give i(156).
5
Let y(q) = -4*q**2 - 97*q - 21. Give y(-24).
3
Let t(a) = 371*a + 90146. Determine t(-243).
-7
Let d(v) = -v**3 + 93*v**2 + 701*v - 99. Give d(100).
1
Let p(f) = 5*f**2 + 93*f - 2382. Give p(-33).
-6
Let v(f) = -2*f**3 - 191*f**2 - 3280*f + 369. Determine v(-73).
4
Let y(h) = -141*h**2 - 6*h + 1. What is y(1)?
-146
Let n(a) = 1557*a - 93431. Determine n(60).
-11
Let i(s) = -s**2 + 4081*s - 16322. Give i(4).
-14
Let j(g) = g**3 + 173*g**2 - 711*g - 597. Determine j(-177).
-66
Let q(j) = -124*j - 3448. Determine q(-28).
24
Let m(s) = -56*s - 2150. Calculate m(-40).
90
Let y(c) = 497*c - 1006. Determine y(2).
-12
Let k(w) = w**3 + 2*w**2 + 741*w + 2990. Determine k(-4).
-6
Let l(s) = 685*s + 47. Determine l(0).
47
Let f(i) = -66*i + 1112. What is f(17)?
-10
Let f(b) = -96*b - 301. Calculate f(-3).
-13
Let h(j) = 77*j**2 + 852*j + 68. Give h(-11).
13
Let c(r) = -3*r**2 - 127*r + 134. Give c(-43).
48
Let t(c) = -1889*c + 3784. Determine t(2).
6
Let d(i) = -i**3 - 36*i**2 - 214*i + 50. Calculate d(-8).
-30
Let n(m) = -1407*m - 9865. What is n(-7)?
-16
Let n(i) = 4*i**2 - 490*i + 1461. Give n(3).
27
Let n(b) = 2983*b + 47729. Calculate n(-16).
1
Let v(h) = -4*h**2 - 38*h + 480. Calculate v(-17).
-30
Let n(a) = -5*a**2 - 14*a + 10. Give n(2).
-38
Let v(j) = 2*j**3 - 34*j**2 - 39*j. What is v(18)?
-54
Let f(u) = u**3 - 73*u**2 - 78*u + 312. Calculate f(74).
16
Let p(v) = -3*v**2 + 51*v + 37. Determine p(-1).
-17
Let f(a) = -a**3 + 61*a**2 - 46*a - 1018. Determine f(60).
-178
Let s(x) = 63*x + 317. What is s(-5)?
2
Let p(b) = -b**2 - 32*b + 229. Determine p(-37).
44
Let x(f) = f**2 + 10*f - 12. What is x(-4)?
-36
Let c(j) = -12924*j - 90513. Give c(-7).
-45
Let s(o) = o**2 - 5*o - 306. Calculate s(20).
-6
Let c(k) = 4*k**2 - k + 65. Determine c(6).
203
Let d(x) = x**3 - 16*x**2 + 47*x + 141. Calculate d(8).
5
Let g(f) = -f**3 + 63*f**2 - 64*f + 136. Calculate g(62).
12
Let u(a) = -2*a**2 + 9*a - 18. Give u(14).
-284
Let o(a) = 47*a**2 + 369*a - 31. Give o(-8).
25
Let v(g) = -84*g**2 - 1594*g + 40. Calculate v(-19).
2
Let y(d) = -241*d - 1448. What is y(-6)?
-2
Let a(l) = -l**2 - 1133*l + 10280. Calculate a(9).
2
Let s(k) = -k**3 - 36*k**2 - 8*k - 297. Calculate s(-36).
-9
Let x(d) = -319*d**2 + 18*d + 14. What is x(-1)?
-323
Let h(x) = x**3 + 59*x**2 - 4*x - 254. Give h(-59).
-18
Let c(k) = 940*k - 11284. What is c(12)?
-4
Let w(u) = 11*u**3 + u**2 + 8*u + 9. Determine w(-2).
-91
Let b(g) = -g**2 + 148*g - 732. Determine b(5).
-17
Let a(x) = -97*x + 1257. What is a(13)?
-4
Let i(t) = t**2 - 29*t - 17615. Give i(148).
-3
Let a(n) = 3*n - 191. Calculate a(42).
-65
Let t(v) = 56*v - 281. Give t(5).
-1
Let q(l) = 575*l - 572. Calculate q(1).
3
Let t(x) = 2*x**2 - 55*x + 286. What is t(14)?
-92
Let u(j) = -j**2 - 32*j - 84. Calculate u(0).
-84
Let v(l) = -l**3 - 30*l**2 - 242*l - 848. What is v(-20)?
-8
Let x(w) = -13*w - 312. Give x(-26).
26
Let c(j) = -9*j**2 + 212*j + 2. Calculate c(22).
310
Let l(w) = 4*w - 108. Give l(21).
-24
Let s(r) = -r**2 - 28*r - 126. Calculate s(-13).
69
Let s(t) = -2*t**3 - 18*t**2 + 6*t + 47. Give s(-9).
-7
Let l(p) = -18*p + 1430. What is l(80)?
-10
Let n(i) = -i**2 - 61*i + 708. What is n(11)?
-84
Let f(c) = -4*c**3 + 3*c**2 + 42*c - 10. What is f(5)?
-225
Let s(r) = 4434*r - 35477. Determine s(8).
-5
Let h(j) = -j**2 + 222*j + 905. Determine h(-4).
1
Let r(i) = -2*i**3 - 501*i**2 + 258*i + 1765. Give r(-251).
8
Let m(x) = x**3 - 3*x**2 - 12*x + 30. Determine m(5).
20
Let p(b) = -72*b - 497. Determine p(-7).
7
Let z(j) = 73*j + 742. Give z(-10).
12
Let k(q) = 34*q - 131. What is k(4)?
5
Let v(m) = -11*m + 97. Give v(8).
9
Let y(c) = -52*c + 576. What is y(11)?
4
Let z(h) = 2*h**3 + 2*h**2 - 16*h - 17. What is z(-1)?
-1
Let j(z) = z**3 - 14*z**2 + 25*z + 6. What is j(6)?
-132
Let l(r) = 427*r + 5124. Calculate l(-12).
0
Let l(c) = c**2 - 60*c - 872. Determine l(72).
-8
Let g(k) = k**2 + 32*k - 597. Calculate g(11).
-124
Let p(l) = -l**2 + 27*l + 756. What is p(-16)?
68
Let n(f) = 21*f**3 + 92*f + 90. Give n(-1).
-23
Let f(b) = b**3 + 87*b**2 - 98*b - 887. Calculate f(-88).
-7
Let n(r) = -3*r**2 - 11*r + 441. Give n(11).
-43
Let s(w) = 3*w**2 - 522*w + 1534. Give s(171).
-5
Let x(f) = f**2 + 4919*f + 39285. What is x(-8)?
-3
Let r(a) = 27*a**2 - 11*a. Calculate r(1).
16
Let l(h) = -14*h**2 + 53*h - 101. Give l(2).
-51
Let x(n) = 13*n - 210. Calculate x(17).
11
Let v(p) = -3*p**2 + 45*p - 35. Calculate v(9).
127
Let m(u) = 3*u**2 + 4*u. What is m(-3)?
15
Let r(g) = 7*g**3 - 4*g**2 + 9*g + 4. Give r(3).
184
Let k(o) = -2*o**2 + 44*o - 107. Calculate k(18).
37
Let m(y) = 15*y - 8. Calculate m(-7).
-113
Let r(t) = -209*t + 898. Determine r(5).
-147
Let z(f) = -17*f**3 - 4*f**2 - 3*f + 2. Calculate z(-3).
434
Let j(n) = -10*n**3 + 3*n**2 - 5*n + 5. Calculate j(1).
-7
Let m(o) = -6*o - 84. Determine m(7).
-126
Let r(m) = -186*m**3 - 99*m**2 + 92*m + 8. Calculate r(1).
-185
Let h(q) = q**2 + 157*q + 1083. Give h(-149).
-109
Let x(s) = s**3 + 15*s**2 + 65*s + 61. Give x(-5).
-14
Let d(f) = -201*f - 1284. Give d(-7).
123
Let z(h) = -9*h - 83. Calculate z(24).
-299
Let t(s) = s**3 - 7*s + 10. What is t(-5)?
-80
Let y(z) = -15*z - 53. Calculate y(0).
-53
Let k(x) = 20*x**2 + 12*x + 2. What is k(-4)?
274
Let v(r) = -3216*r - 22514. Give v(-7).
-2
Let o(m) = m**3 + 37*m**2 + 3*m + 110. Calculate o(-37).
-1
Let y(x) = -92*x - 536. Determine y(-6).
16
Let s(y) = -46*y - 141. What is s(-5)?
89
Let g(q) = 1031*q**2 - 77*q - 76. Calculate g(-1).
1032
Let q(x) = 710*x - 17758. Determine q(25).
-8
Let n(g) = -2*g**3 + 81*g**2 + 45*g - 111. Calculate n(41).
53
Let g(d) = 3*d - 248. Determine g(-16).
-296
Let b(h) = -2*h**3 + 45*h**2 - 10*h - 258. What is b(22)?
6
Let u(i) = -i**3 + 17*i**2 - 16*i + 1. What is u(12)?
529
Let l(b) = 4*b**3 + 3*b**2 - 9*b - 140. Determine l(-6).
-842
Let v(m) = m**2 - 124*m - 2910. Give v(144).
-30
Let z(h) = 8*h**2 + 420*h + 213. Determine z(-52).
5
Let y(w) = -w**3 - 24*w**2 - 68*w - 18. What is y(-21)?
87
Let t(n) = -17*n**2 + 15*n + 32. What is t(-3)?
-166
Let z(l) = l**3 + 43*l**2 - 164*l - 1170. Calculate z(-46).
26
Let d(i) = 58*i**3 - 756*i**2 + 55*i - 371. Determine d(13).
6
Let j(i) = -34*i + 4169. Calculate j(120).
89
Let x(h) = -203*h - 279. What is x(2)?
-685
Let z(s) = 4*s**2 + 6*s + 6. Give z(-9).
276
Let k(r) = 11*r**2 + 145*r + 23. Give k(-13).
-3
Let b(m) = m**2 - 214*m + 3518. What is b(18)?
-10
Let j(u) = -21*u**3 + 2*u**2 - 8*u + 7. Give j(1).
-20
Let p(v) = -v**3 + 13*v**2 + 44*v + 63. What is p(16)?
-1
Let h(q) = 6*q**2 + 214*q + 142. Give h(-35).
2
Let q(t) = 4*t**3 - 4*t**2 + 17*t - 17. Determine q(-4).
-405
Let v(s) = 67*s**2 + 2274*s - 144. Determine v(-34).
-8
Let a(p) = 105*p**2 + 5565*p + 12. What is a(-53)?
12
Let d(u) = 5*u + 118. What is d(-21)?
13
Let i(y) = -3*y**3 + 247*y**2 - 70*y - 974. Give i(82).
10
Let i(p) = -2*p**2 - 60*p - 319. What is i(-23)?
3
Let a(p) = -3*p**2 - 11*p + 100. Determine a(-6).
58
Let d(l) = -8*l**3 + 27*l**2 + 23*l. Calculate d(4).
12
Let o(g) = 53*g + 323. Determine o(-6).
5
Let z(r) = 2*r**3 + 49*r**2 + 24*r + 5. Determine z(-24).
5
Let p(c) = c**3 + 3*c**2 - 8*c + 16. Calculate p(-5).
6
Let t(w) = -380*w + 65745. Determine t(173).
5
Let a(j) = j**2 - 43*j - 712. Determine a(-13).
16
Let g(q) = 280*q - 2261. Determine g(8).
-21
Let b(k) = -k**3 + 5*k**2 - 2*k + 5. What is b(4)?
13
Let i(t) = -6641*t - 46477. Give i(-7).
10
Let q(m) = -2340*m - 16393. Calculate q(-7).
-13
Let b(d) = 2*d**3 + 5*d**2 - 13*d - 1. Determine b(-4).
3
Let u(v) = -112046*v + 224092. Calculate u(2).
0
Let u(b) = 76*b + 5. Determine u(-4).
-299
Let s(v) = 2*v**2 - 25*v + 54. What is s(9)?
-9
Let j(d) = -d**2 + 27*d + 1936. What is j(-32)?
48
Let u(w) = -20*w**3 - 5*w**2 + w + 7. Determine u(3).
-575
Let p(f) = 12*f**3 - 3*f**2 - 10*f + 10. What is p(1)?
9
Let a(h) = 181*h**2 + 1992*h + 5. What is a(-11)?
-6
Let v(f) = 232*f - 1958. What is v(10)?
362
Let t(k) = -13*k**2 - 7*k + 19. What is t(-2)?
-19
Let x(c) = -15*c**2 + 239*c + 66. What is x(16)?
50
Let v(b) = -2*b**3 - 33*b**2 + 145*b + 103. Give v(-20).
3
Let y(g) = -8*g + 164. Calculate y(19).
12
Let o(k) = 158*k + 4